+ 61*q**2 + 8*q - 27*q**2. Determine d(l).
15
Let y(l) = -l**2 + 8. Let t(c) = 2*c - 3. Let r be t(1). Let i be (6 + 1 + -7)/r. What is y(i)?
8
Let w(h) = -91*h + 71*h + h**2 + 11*h**2 - h**3 + 21. Let u be w(10). Let p(g) = g**3 - 22*g**2 + 20*g + 19. What is p(u)?
-2
Let d = 100 - 98. Let g be (-24 - -21)*d/6*-2. Let h(u) = 3*u + 2. Determine h(g).
8
Let x(c) be the first derivative of c**5/120 - 13*c**4/24 + 14*c**3 + 7. Let f(v) be the third derivative of x(v). Determine f(9).
-4
Let s(z) = 3439 - 6892 - 20*z + 3437 + 24*z. Let f(o) = 2*o. Let m be f(3). Give s(m).
8
Let a be (-1 - -27) + 5*24/(-15). Let m(f) = -f + 6. Give m(a).
-12
Suppose 5*d - 625 = -115. Suppose -211*w + 194*w - d = 0. Let j(a) = a**3 + 4*a**2 - 7*a - 8. What is j(w)?
-38
Let v be (-1790)/(-16) + (-15)/(-120). Let i(c) = -120*c + 3*c**2 - 6 + v*c - 4*c**2. Give i(-7).
1
Let f(a) = a**2 + 23*a + 110. Let h = -4165 - -4149. Give f(h).
-2
Let z(h) = h**2 + 8*h - 73. Let w = 2455 + -2468. Determine z(w).
-8
Let o(z) be the first derivative of z**3/3 - z**2 - 157*z - 7. Let b(t) be the first derivative of o(t). Give b(4).
6
Suppose 0 = -2*h - 27 - 7. Let j(w) = -40*w + 253. Let n be j(6). Let b = n + h. Let y(q) = 3*q + 4. Calculate y(b).
-8
Let h(t) be the second derivative of t**6/360 + t**5/24 - t**4/3 - t**3/2 + 2*t**2 + 13*t. Let m(f) be the second derivative of h(f). Determine m(-5).
-8
Let f(y) = -732*y - 141. Let h(o) = -81*o - 16. Let n(u) = -4*f(u) + 35*h(u). What is n(-1)?
-89
Let w(x) = -616 + 287*x + 454*x - 653*x. Calculate w(7).
0
Let w(l) = -l**3 + 13*l**2 - l + 8. Let t be w(13). Let r(f) = -2*f + 1. Let o(j) = 2 + 2*j - 7*j + 1 + j. Let x(b) = t*r(b) + 2*o(b). Give x(2).
5
Let b(y) = -10*y**2 + 6*y - 259. Let u(o) = 9*o**2 - 8*o + 261. Let n(g) = -4*b(g) - 3*u(g). Let j(p) be the first derivative of n(p). Calculate j(1).
26
Let b(o) = 11*o - 9. Let n be 123/82 + 1/((-8)/52). What is b(n)?
-64
Suppose 0 = 50*t - 46*t. Suppose k + 1 = 0, k + 25 = -u - t*k. Let p(f) = -f**2 - 23*f + 29. Give p(u).
5
Suppose -j - 21 = -h - 14, 3*j - 2*h = -18. Let w(g) = -g**3 - 4*g**2 - 3*g - 16. Let r be w(j). Let k(o) = -5*o**2 - o**3 + 0*o - 5*o + 0*o**3. Give k(r).
4
Let t be (-54)/(-621) - (-44)/23. Let u(f) = -10*f - 1 - t - 4 + 6 + 11*f. What is u(-3)?
-4
Let w(i) = -11*i + 73. Let d be w(0). Let g = d + -77. Let z(k) = 3*k + 5. What is z(g)?
-7
Let i(t) = 5*t - 16. Suppose 0 = 124*d + 194 - 814. What is i(d)?
9
Let r(g) = g**3 + 7*g**2 - g + 5. Let n = -863 + 876. Suppose n*k = 9*k + 3*j - 30, -4*j + 14 = -k. Calculate r(k).
47
Let n(p) = -2*p**3 + 7*p**2 - p - 4. Let a be n(3). Let h(d) = 2 + 0*d**2 - 2*d**2 - a*d + 4*d**2 - d. What is h(2)?
4
Let d(z) be the first derivative of z**2/2 - 15*z - 110. Determine d(-9).
-24
Let h(z) = -6*z**3 - 3*z**2 - 26*z - 24. Let w(s) = 5*s**3 + 5*s**2 + 23*s + 23. Let g(m) = -4*h(m) - 5*w(m). Calculate g(-12).
-31
Let g(o) = 10*o**2 + 0*o + o**3 - 15 + 47*o + 5*o**2 + 0*o**2 + 39. What is g(-11)?
-9
Let q(u) = u**3 - u - 16. Let t(w) = w**3 + 12*w**2 - 13*w. Let g be 17*14/(-18) - 4/(-18). Let o be t(g). Give q(o).
-16
Let k(q) = 2*q - 17. Let m be k(6). Let a be (-10)/m*(-2 + 0). Let o(l) = l**2 - 2 - 5 + 5 + 4. Determine o(a).
18
Let d(s) = 26*s - 27. Let q(x) = x**3 - 9*x**2 + 16*x + 7. Let f be q(3). What is d(f)?
-1
Let x be (-79164)/(-81) + (-2)/(-3). Let a = x - 984. Let q(f) = -f**2 - 6*f - 6. Determine q(a).
-6
Let q(f) be the second derivative of 43*f**3/3 - 21*f - 7. Give q(0).
0
Let t(l) = -6 + 78 + l**2 - 26*l - 41 + 0 - 10. What is t(24)?
-27
Let v(l) = 17*l - 32. Suppose -58 = 3*w + 7*h - 2*h, 0 = -h - 5. Let i(n) = -6*n + 11. Let j(p) = w*i(p) - 4*v(p). Let d = 17 - 12. Calculate j(d).
-3
Let s = -81 + 71. Let c(z) = 13 + 54*z**2 - 18*z**2 - 13*z**2 - 19*z**2 + 13*z - 3*z**2. Determine c(s).
-17
Let i(y) = 17*y**3 + 2*y**2 + 2*y + 1. Let o(f) = 242*f + 8469. Let w be o(-35). Determine i(w).
-16
Let r(q) = q**2 - 4*q - 10. Let k be 12/10*1500/8. Let z = -219 + k. Determine r(z).
2
Let d(p) be the third derivative of 11*p - 7/24*p**4 - 1/60*p**5 - 1/2*p**3 + 0 - 3*p**2. Calculate d(-6).
3
Let b(y) = -y**2 - 3*y + 2. Suppose 448 = f + 6*f. Let o = 68 - f. Suppose 22 = 3*p - 2*p + 5*c, 20 = o*c. Give b(p).
2
Suppose -2*g = 6, -6 = 2*w + 3*g + 3. Let v(r) = -r**2 + 5 - r**3 + w*r**2 - 5 - 5. Suppose 3*n = 18 - 3, -2*a + 3*n - 15 = 0. What is v(a)?
-5
Let l(p) = -4*p - 118. Let u be ((-12)/48 - (-122)/8)*(0 + -2). Determine l(u).
2
Let j(m) = 200*m - 128. Let k(t) = -22*t + 14. Let l(d) = 3*j(d) + 28*k(d). Let b(h) = 13*h - 8. Let q(p) = -6*b(p) - 5*l(p). Calculate q(-7).
-6
Let h(j) = -j**2 - 7*j. Suppose 3*u = -z - 2*z + 117, z = -4*u + 168. Suppose -u + 50 = -x. Let d be h(x). Let s(m) = -m + 3. Calculate s(d).
3
Let q(c) = -43*c + 60 + 2*c**2 + 105*c - 45*c - 45*c. What is q(11)?
-6
Let c be (-1)/2 - (-3)/2. Let b(g) = 2*g**2 + 50*g - 16*g**3 + 7*g + 1 + 0 - 59*g. Give b(c).
-15
Let i(g) = -g**3 + 8*g**2 - 6*g - 10. Let b be i(6). Suppose 5*p = 2*c - b, -4*c - 3*p = -0*c. Let o(t) = 20*t**3 - 20 - 19*t**c + 0. What is o(0)?
-20
Suppose 21*p - 504 = 9*p. Let c be (-21)/p + ((-90)/4)/(-5). Let s(r) = r**3 - 4*r**2 - 2*r + 6. Determine s(c).
-2
Let d(j) = -j**3 + 5*j**2 - 2*j + 6. Let t be (-1 + -5)*2/4. Let b be (t/2)/((-4)/104). Let u be (-8)/52 + 201/b. Calculate d(u).
-4
Let r(a) = a + 2. Suppose -h - i = -0*h - 12, h = -5*i + 28. Suppose 0 = -2*q - 10, -9*k + h*k = 5*q + 32. Calculate r(k).
-5
Let d(i) = -i**2 - 23*i - 38. Let f(u) = 7*u + 11. Let j(w) = -5*d(w) - 17*f(w). Suppose -3*b = -2 - 4. Calculate j(b).
15
Let m(a) = 64 + 436*a - 447*a - 12. Calculate m(7).
-25
Let j be (-12)/10*(-15)/(-6). Suppose -250 = 5*x - 270. Let c(a) = 4 + 3506*a**3 + a**2 + x*a + 3*a**2 - 3505*a**3. Give c(j).
1
Let g(s) be the third derivative of -11*s**6/60 - s**5/60 - s**4/24 + 7*s**2 + 4. Give g(-1).
22
Let g(c) = c**2 + 6*c**2 + 2*c + 4 - c**3 + 4 - 4*c. Suppose 0 = 6*n - 65 + 17. Suppose -n*k - 4*y - 6 = -6*k, 3*y + 8 = -k. Calculate g(k).
-6
Let u(l) = -3*l + 28. Suppose 15*j - 223 = -163. Suppose j*t - 150 = -118. Give u(t).
4
Let z(x) = -x**3 + 8*x**2 - 3*x - 8. Let u(k) = -34*k + 88. Let q be u(19). Let d = -551 - q. What is z(d)?
20
Let t(g) = 14*g + 176. Let v be t(-12). Let m = v - 7. Let x(h) = -25*h**2 + 2*h - 1. Calculate x(m).
-24
Suppose 5*b + 2*v = 86, -82*b + v - 70 = -86*b. Let g(q) = -7*q + 21. Calculate g(b).
-105
Let j(h) = -9*h - 74*h + 76*h + 19 - 2*h + h**2 - 2*h**2. Calculate j(2).
-3
Suppose -2*m = 2, -3*i + 32 = 2*m + 10. Let g be 12 + ((-12)/(-8))/((-4)/i). Let d(k) = k**2 - 9*k + 11. Give d(g).
11
Let h(x) = 2*x + 16. Suppose 0 = -3*u + 12, -2*y - 15 = u - 47. Let p(k) = k**2 - 19*k + 61. Let l be p(y). Determine h(l).
-2
Let a(z) = -5*z**2 + 2*z - 1. Suppose 73*i = 38*i + 30*i. Calculate a(i).
-1
Let t = 4566 + -4564. Let w(g) be the first derivative of g**t + g + 8 + 1/3*g**3. What is w(-3)?
4
Suppose -1395*j + 1390*j = q + 26, 5*q - 2*j = -22. Let x(m) = m - 1. Let i(g) = 3*g + 3. Let r(b) = i(b) - x(b). What is r(q)?
-8
Let r = -12528 + 12529. Let c(m) = -11*m**2 + 4*m - 3. Determine c(r).
-10
Let k(z) = -23*z + 4. Let p = 1521 - 1521. Determine k(p).
4
Let k(z) = -3*z + 1. Let a(h) = 7*h - 3. Let s(w) = 6*a(w) + 15*k(w). Suppose -3*y + 18 = -b - 0, 5*y = 3*b + 34. Let v be b/6*6 - (-1 + 0). Give s(v).
3
Let u(b) = -13*b**2 + 201*b**3 - 202*b**3 + 311 - 25*b - 319. Determine u(-11).
25
Let s(n) = -4*n**2 + 114*n + 610. Let r(p) = 7*p**2 - 229*p - 1218. Let f(d) = 3*r(d) + 5*s(d). Calculate f(-5).
6
Let n(v) = -17*v**2 + 13*v - 149. Let m(x) = -48*x**2 + 38*x - 446. Let t(i) = -6*m(i) + 17*n(i). Give t(-16).
-1
Let t(f) be the second derivative of 0 + 1/2*f**3 + 0*f**2 - 2*f. Let m = 22496 - 22498. Determine t(m).
-6
Let x(i) = -i + 8. Let q(k) = k - 7. Let h(o) = -6*q(o) - 5*x(o). Let a(r) = 9*r**2 + 2*r - 6. Let d be a(3). Let t = 76 - d. Determine h(t).
7
Suppose 4*j + 2*a + 551 - 2017 = 0, 0 = 5*a - 15. Let y = 366 - j. Let s(p) = -8*p**3 + p**2 + p - 1. Give s(y).
-7
Suppose r - 687*m - 42 = -684*m, 2*m = -3*r + 5. Let d(y) = 6*y**2 + 40*y + 20. Let t(p) = p**2 + 8*p + 4. Let l(z) = 2*d(z) - 11*t(z). Calculate l(r).
5
Suppose 3*g - g - 3*n + 11 = 0, 5*g + 3*n - 25 = 0. Suppose 0 = g*j - 